?
1
Let a(y) = 7 - 12*y**2 + 12*y + 11*y**2 + 6*y + 18. Let h be a(19). Suppose 0 = 9*q + h*q - 450. What is the units digit of q?
0
Let i(n) = 31*n**2 + 50*n - 59. What is the hundreds digit of i(-9)?
0
Let k(i) = 18*i**2 - 246*i - 143. What is the tens digit of k(24)?
2
Let p(g) = g - 12. Let w(b) = -b + 11. Let l(k) = 3*p(k) + 2*w(k). Let n be l(16). Suppose 4*c - 10 = n*c. What is the units digit of c?
5
Suppose -912 = -2*c - 34. Suppose -8*j + 7*j = -c. What is the units digit of j?
9
Let v be 150/(8/16 + (-3)/18). Suppose 0 = -8*k + 23*k - v. What is the tens digit of k?
3
Let w be 210 + -22 + -1 + 0 + 1. Let p = -264 + w. Let g = p - -154. What is the tens digit of g?
7
Suppose 15 + 32 = x. Suppose 65 = w - x. Suppose 312 = 5*g + w. What is the units digit of g?
0
Let y = 5792 - 5798. Let r be ((-2)/(-4))/(1/10). What is the units digit of (r*(-4)/(-15))/((-4)/y)?
2
Let n(v) = v**3 + 86*v**2 - 92*v - 635. Let q be n(-87). Suppose -3*r = 3*o - 1158, -2*r - 137 + 905 = o. Let s = r + q. What is the units digit of s?
2
Suppose 0 = 5*z + 4*l - 1776, 0 = -0*z + 5*z - 2*l - 1752. Let m = 1167 - z. What is the units digit of m?
5
Suppose 1995 = -12*s - 17997. Let r = s - -3357. What is the thousands digit of r?
1
Suppose 2*p + 2 - 2 = 0. Suppose 27*a - 24*a - 15 = p. What is the hundreds digit of (2*10)/(1/a)?
1
Let n = -35 - -39. Suppose -4*z = 3*y - 492, n*z - 246 = 2*z + 4*y. Suppose -z = -h - 3*r, -r = h - 3*r - 128. What is the units digit of h?
6
Let l be 8/(-32) - (-105)/(-28). What is the thousands digit of (-3)/2*(l + 13272/(-18))?
1
Let w(u) = 4*u + 38. Let y be w(0). Suppose y*n - 2541 = 35*n. Suppose -5*k + n = 2*k. What is the tens digit of k?
2
Let v(o) = -4*o**3 + 240*o**2 - 233*o + 126. What is the ten thousands digit of v(58)?
1
Let z(t) = -28*t + 112. Let l be z(4). Suppose l = -2*d - 4*i + 982, -4*d - 4*i + i + 1959 = 0. What is the hundreds digit of d?
4
Let u(r) = 2*r**3 - 1 - 201*r + 37*r**2 - 3*r**3 + 123*r. What is the hundreds digit of u(34)?
8
Let k(h) = -2*h**2 + 10*h - 41. Let p be k(-12). Let y = p - -774. What is the units digit of y?
5
Let f(x) = x**3 + 7*x**2 - 21*x - 10. Suppose 18*h - 15*h + 27 = 0. Let a be f(h). Let t = a + 19. What is the tens digit of t?
3
Let g(m) = 16*m**2 - 2*m - 2. Let o be g(-1). What is the units digit of (-8)/(o/(-510))*(-4)/(-12)?
5
Let z = -4975 - -7095. Suppose -5*o = 5*v - z, -51*o = 5*v - 49*o - 2129. What is the units digit of v?
7
Suppose a = -s + 152, 3*a + 319 = 2*s + 2*a. Let j = 226 - s. Let i = j + -10. What is the units digit of i?
9
Suppose 19*h = 29*h - c - 7678, -c = -5*h + 3838. What is the tens digit of h?
6
What is the tens digit of ((-3030105)/(-104))/15*8?
3
Suppose -2*h + 2337 = -5*p, 769 = h - 2*p - 398. Let w = h - 64. What is the hundreds digit of w?
0
Let z be (-24)/(-18) + (-56814)/(-9). What is the tens digit of (z/88)/((-2)/(-8))?
8
Suppose 2*x - 4*x + 7 = -3*h, x + 3 = -5*h. Suppose -2*a + 2*f = -448, -345 = -x*a + 5*f + 100. What is the hundreds digit of a?
2
Let a(k) = 5*k**2 + 2*k**2 + k**2 - 3*k**2. Let y be a(6). Suppose 232 = 4*b - y. What is the units digit of b?
3
Let o(d) = -d**2 + 10*d + 5. Let a be o(8). Let p be ((-7)/a)/((-638)/636 - -1). Suppose -2*v + v = -p. What is the units digit of v?
6
Suppose -1 = k - 17*z + 15*z, -3*z + 12 = -3*k. Suppose 0 = -h + 34 - 1. Let j = h + k. What is the tens digit of j?
2
Let j(d) = -d**3 + 77*d**2 - 28*d + 315. What is the hundreds digit of j(76)?
9
Let t = 37 - 36. Let k be (0 - 4 - -5)*209/t. Suppose 59 = k*g - 208*g. What is the units digit of g?
9
Suppose -3*n - 11 = 4*j, j + 24 = -3*n - 2*n. Suppose -b = -0*b + j. Let y(x) = 12*x**2 + x - 1. What is the units digit of y(b)?
0
Suppose 454 = 3*y + g, 2*y + 3*g + g - 296 = 0. What is the tens digit of y?
5
Let l be -7 + 15/(-4 + 9). Let u(h) be the first derivative of h**3/3 + h**2 + 2*h - 7. What is the tens digit of u(l)?
1
Let s = 23 + -53. Let t be 0 - 2 - (-11 - s/6). Suppose -115 = -2*y + c + 4, 4 = t*c. What is the tens digit of y?
6
Suppose -13 = 2*w - 27. Suppose -3*l - v + 21 = 4*v, 4*l = 5*v - w. Suppose -l*n - 5*c + 468 = -0*n, -n + 2*c + 234 = 0. What is the tens digit of n?
3
Suppose 505*r - 9008220 = 375*r. What is the ten thousands digit of r?
6
Suppose 56*p - 508961 = 11*p - 6671. What is the hundreds digit of p?
1
Suppose -2*m + 27*r = 24*r - 932, 2304 = 5*m - r. Let f be (-4)/6*(-1 - -7). What is the units digit of 1*1/(f*(-1)/m)?
5
Suppose t + 93 - 32 = 0. Let a = -3342 + 3213. Let i = t - a. What is the tens digit of i?
6
Suppose -2*s + 315 = -55. Suppose -s = i - 278. What is the units digit of i?
3
Let i(k) = 49*k**2 + 5*k + 11. Suppose 42*y - 12*y = -90. What is the tens digit of i(y)?
3
Let m(p) = -p**3 - 10*p**2 - 12*p + 7. Suppose -15*v = -10*v + 355. Let q = 60 + v. What is the hundreds digit of m(q)?
2
Let b(t) = -3214*t + 911. What is the ten thousands digit of b(-4)?
1
Suppose -689770 = -36*i + 1119446. What is the ten thousands digit of i?
5
Let a(c) = -9*c**2 - 16*c + 6. Let r be a(-12). Let u = -233 - r. What is the tens digit of u?
6
Let c(u) = u**3 - 24*u**2 + 34*u - 43. What is the units digit of c(26)?
3
Let s = -365 - -372. Suppose s*g - 2546 = 1612. What is the hundreds digit of g?
5
Suppose -224 = -3*q - 35. Suppose -3*z = 5*k - q, 4*k + z - 49 = -0*k. Suppose -k = -3*r, -3*b + 66 + 31 = 4*r. What is the tens digit of b?
2
Let l(a) = -12*a + 307. Let k be l(25). Let b be -1 + (-1)/(1 - 2). Suppose 2*m = k*m - 3*p - 443, b = -4*m - 3*p + 376. What is the tens digit of m?
9
Let p = 28 - 29. Let h(b) = -b**3 + 3*b + 2. Let o be h(p). Suppose o = -5*v + 323 + 52. What is the tens digit of v?
7
Let g(w) = 3*w**3 - 17*w**2 - 17*w - 26. Let c(l) = 5*l**3 - 34*l**2 - 35*l - 50. Let a(y) = 4*c(y) - 7*g(y). Let b = 6 - 22. What is the tens digit of a(b)?
6
Let l(r) = 187*r**3 - 16*r**2 + 39*r + 5. What is the units digit of l(5)?
5
Suppose -2 = -2*w + 2, -5*r - 5*w = -10. Suppose 5*z + 1 = -3*i, z + 24 = -4*i - r*i. What is the units digit of i/((-7)/(-8))*-1?
8
Let a(w) = 2224*w**2 - 6*w - 35. What is the hundreds digit of a(4)?
5
Suppose -808761 = -186*n + 159741. What is the units digit of n?
7
Suppose 5*x - 3*x = 2*r + 688, -4*x + 329 = -r. Let g = r + 570. What is the tens digit of g?
2
Let p = -1152 + 1170. Suppose k - 4*k = -771. Suppose -p*j = -17*j - k. What is the units digit of j?
7
Let c = -61 + 64. Suppose -4*f + 4719 = -c*v, 0 = 5*f - v - 3537 - 2348. What is the thousands digit of f?
1
Let h = 57 - -90. What is the hundreds digit of 3/(h/(-1897))*-7?
2
Suppose 0 = 3*a + 9, -2*f - 4*a = -6*a - 8886. What is the thousands digit of f?
4
Let z = -94 + 97. Suppose -1075 = -z*c + 35. What is the hundreds digit of c?
3
Let w = 435 - 469. Let j = 600 + w. What is the units digit of j?
6
Suppose -252 = 2*m - 244. What is the units digit of (m/(16/(-345)))/(39/260)?
5
Let v = 113313 - 60998. What is the tens digit of v?
1
Let o(v) = 113*v + 2. Suppose z = -60 + 55. Let m(q) = q**2 + 5*q + 1. Let j be m(z). What is the hundreds digit of o(j)?
1
Suppose -15*p + 10*p - 4625 = 2*r, -p - 6918 = 3*r. Let b = -1614 - r. What is the hundreds digit of b?
6
Let p = 863 - -8926. What is the hundreds digit of p?
7
Suppose 3*i - 3*y = 108 + 153, 5*i = -4*y + 453. Suppose -3*z - 51 = -3*g, 0 = 5*g - 0*z - z - i. What is the tens digit of (0 - g)/(4/(-46))?
0
Let v = -28 - -25. Let n be 1*0*1/v. Suppose 2*k - 97 = t, -5*k + 5*t + 74 + 171 = n. What is the units digit of k?
8
Let v(w) be the first derivative of 33*w + 3/2*w**2 - 5 - 1/3*w**3. What is the tens digit of v(0)?
3
Suppose -s - m - 2729 = -2*s, -5*s = -m - 13637. What is the units digit of s?
7
Suppose 0 = -3*j - 2*s + 29, -5*j - 5*s + 10 = -40. Suppose 95 - 6818 = -j*i. What is the hundreds digit of i?
7
Suppose 3*f + 4*n - 17 = 0, 3*f - 1 = 4*n - 0. Let u be -6*(-24)/27*f/2. What is the tens digit of (-24)/(-4)*(44/u - 3)?
1
Let j(f) = 15 + 49 - 31 + 209*f. Let k(o) = 139*o + 22. Let d(v) = -5*j(v) + 8*k(v). What is the hundreds digit of d(3)?
2
Let x be ((-21)/(-84))/((5/104)/5). Suppose x*f - 7581 = -1835. What is the tens digit of f?
2
Let x = -5787 + 14084. What is the thousands digit of x?
8
Suppose 8*y - 17 = 47. Suppose 17*b - 13*b = y. Suppose -172 = -b*r